 0. Calculate the greatest common divisor of l and 24.
12
Let f(z) = 25*z**2 + z + 2. Let k be f(-2). What is the highest common divisor of k and 20?
20
Let b(w) be the first derivative of -w**3/3 + w**2/2 + 8*w + 1. Let p be b(0). What is the greatest common factor of 8 and p?
8
Let s = 73 + 31. Calculate the greatest common factor of s and 13.
13
Suppose b - 77 = 2*o, -o - 231 = -3*b - 0*o. Let r be ((-7)/3)/(2/(-6)). Calculate the greatest common divisor of b and r.
7
Let j(a) = a**3 - 4*a**2 - 4*a. Let l be ((16 + -1)/3)/1. Let y be j(l). Calculate the greatest common factor of y and 1.
1
Suppose -4*d + 27 = -d. Suppose 5*v = 0, 2*v - 4 = -n - 5. Let m = n + 2. What is the highest common divisor of d and m?
1
Suppose -24 = -5*q - 4. Suppose -3*d = -25 - 23. What is the greatest common divisor of d and q?
4
Let w(i) = 3*i + 1. Let f be w(3). What is the highest common divisor of 100 and f?
10
Suppose 15 = 2*t + 3*t. What is the highest common divisor of t and 27?
3
Let a be ((-27)/(-6))/((-2)/(-16)). Suppose 2*f + 2 = 0, -5*j + 4*j = 2*f - 2. Calculate the greatest common divisor of j and a.
4
Suppose -2*b + 452 = 4*k - 0*k, -2*k - 5*b + 234 = 0. Calculate the greatest common divisor of k and 14.
14
Let i be (-82)/(-8) - (-1)/(-4). Calculate the highest common factor of 30 and i.
10
Let h(a) = -5*a - 41. Let c be h(-15). What is the highest common divisor of 34 and c?
34
Let r(o) = -o**3 - o + 30. Let z be r(0). Suppose -79 - 56 = -3*k. Calculate the highest common divisor of z and k.
15
Let k = 8 - 8. Let i be (k + 12)/((-1)/(-1)). Calculate the highest common factor of i and 4.
4
Let p = 61 - 52. Calculate the greatest common divisor of p and 99.
9
Let w be 4851/27 + (-2)/(-6). Calculate the greatest common divisor of w and 20.
20
Suppose 12 = 2*p + 2. Suppose -p*z = 5*f - 60, -3*z - 54 = -5*f - 2*z. Calculate the highest common factor of 121 and f.
11
Suppose v + v = -4*n - 2, -4*v + 2*n + 16 = 0. Let q = v + 25. Calculate the highest common divisor of 7 and q.
7
Let u be (-3)/(12/(-16)) - -22. Calculate the highest common divisor of 65 and u.
13
Let r be 1 - (-7)/(-2)*-6. Let d be 4/(0 + (-2)/2). Let b = d + 180. What is the highest common factor of b and r?
22
Let l = -4 - -5. Let k(p) = l + 2 + 0 + 3 - 2*p. Let m be k(-5). What is the greatest common factor of 32 and m?
16
Let r be (15/(-6))/((-5)/4). Let l be -6 + 3 - (-10)/r. What is the greatest common divisor of l and 18?
2
Let n = -41 - -71. Suppose 5*i = 4*o - 68, 3*o - 30 = -2*i - 2. What is the greatest common factor of o and n?
6
Let h = 0 - -2. Suppose 0 = -h*i + 2*c + 338, 5*i - 848 = 2*c - 0*c. What is the greatest common factor of i and 17?
17
Suppose -5*i = -8*i + 120. What is the highest common factor of 16 and i?
8
Let f be (-6)/(-9) - (-146)/6. Suppose -4*j - 3 - 1 = x, -2*x + 3*j + f = 0. Calculate the highest common divisor of x and 2.
2
Let i be (1 - 12/(-3)) + 1. Calculate the greatest common factor of i and 18.
6
Suppose 0 = 9*d - 8*d - 50. Calculate the highest common divisor of 20 and d.
10
Suppose -576 = -0*h - 3*h. Calculate the highest common factor of h and 24.
24
Let f = -1 + 9. Calculate the greatest common factor of f and 4.
4
Suppose 4*r + 4*o - 4 = 0, 0*o - 9 = 3*r - o. Let g be -2 - r*(3 - 1). Let y be 35 + 9/3 + g. What is the highest common factor of y and 10?
10
Suppose -396 = u - 5*u. What is the highest common factor of u and 9?
9
Let r = 9 - 5. Suppose 0 = -r*v - 3*j + 62, -4*v - j + 58 = -0*j. Let y be -14*(-1*5 - -1). What is the greatest common factor of y and v?
14
Suppose 23*x - 25*x = -136. What is the highest common factor of 34 and x?
34
Let l = 42 + -28. Let t = 73 + -17. Calculate the highest common divisor of t and l.
14
Let l = 36 - 20. Let y = 267 - 80. Let m = 331 - y. Calculate the highest common factor of m and l.
16
Let v = -47 - -27. Let h be (-55)/(-2)*(-224)/v. Suppose -i + h = 3*i. What is the greatest common factor of i and 7?
7
Let f(k) = k**3 - 7*k**2 + 7*k - 5. Let u be f(6). What is the greatest common divisor of u and 4?
1
Let q = -22 - -24. Calculate the highest common divisor of 34 and q.
2
Suppose -4*v + 13 - 36 = -5*b, 5*v + 2*b = -4. Let i be (v/(-4))/(2/24). What is the greatest common divisor of i and 60?
6
Suppose 4*b = 3 + 17. Suppose -g - 3*m - 31 = -3*g, m = b*g - 97. Calculate the highest common divisor of g and 10.
10
Suppose -5*d + 65 + 0 = -4*c, 0 = 3*d - c - 39. Let a = 1 + 3. Suppose -7*o + a*o + 312 = 0. Calculate the greatest common divisor of o and d.
13
Let b be (-12)/(-5) + 2/(-5). Let h be b/(-5) - (-66)/15. Suppose h*x - s - 22 = 2*s, s + 6 = x. Calculate the greatest common divisor of 8 and x.
4
Let k be 4/(-3)*18/(-4). Suppose -k*b + 2*b + 12 = 0. What is the highest common factor of b and 1?
1
Let x(q) = q - 3. Let a be x(3). Let i be -1 + (6 + -1)*33. Suppose a = 4*p - i + 36. What is the highest common divisor of p and 4?
4
Let u = -362 - -522. Suppose -4*p = 11 + 9. Let j be (-100)/p + -1 + 1. Calculate the greatest common divisor of u and j.
20
Suppose 0*s = 5*s. Let j(g) = -g**2 - 3*g + 1. Let q be j(-2). Let m = q + s. Calculate the highest common divisor of 3 and m.
3
Suppose -2*x + 5*x = 450. Suppose 0*d = 5*d - x. Calculate the highest common divisor of d and 20.
10
Let a(x) = x**2 + 3*x - 13. Let t be a(-6). Suppose -4*k - 103 + 11 = -b, -3*k = -t*b + 409. Calculate the highest common divisor of 16 and b.
16
Suppose -5*b = -8 - 2. Let c be b*(-1)/(-2)*5. Calculate the greatest common divisor of 15 and c.
5
Let o = 39 - 25. Calculate the highest common divisor of o and 35.
7
Let h = 2 - -1. Suppose 3*b = -h, -c + 3*c - b = -9. Let o = 16 + c. What is the greatest common factor of o and 33?
11
Let g(y) = -4*y**3 + 3*y**2 + 4*y**3 - 1 + 2*y**3. Suppose -3 - 3 = -3*d. Let s be g(d). What is the highest common divisor of 3 and s?
3
Suppose -48 = 2*p - 0*p. Suppose -2*q - 5*n - 28 - 4 = 0, 0 = 5*q - 5*n + 10. Let z be q/4*p/1. What is the highest common factor of z and 12?
12
Suppose 2 - 32 = -3*t. What is the greatest common factor of 20 and t?
10
Let s = 204 + -132. Calculate the highest common divisor of 12 and s.
12
Let k(d) = -d**3 + 4*d**2 + 2*d - 5. Let j be k(4). Suppose -26 + 116 = j*p. What is the highest common divisor of 20 and p?
10
Let n be (2 - 7)*(0 - 1). Suppose -3*c + n = -4. What is the greatest common factor of 6 and c?
3
Let b = 9 - 5. Suppose -2*t - 52 = -b*u, -5*u + 2*t - t + 62 = 0. Calculate the greatest common factor of u and 6.
6
Let j(a) = a**2 + 4*a + 4. Let b be j(4). Suppose 62 = 13*l - 94. Calculate the greatest common divisor of b and l.
12
Let q = -6 + 10. Let l(b) = 9*b**2 - b - q + 3 - b**2. Let w be l(-1). Calculate the greatest common factor of w and 24.
8
Let p = -41 + 56. Calculate the highest common divisor of p and 15.
15
Let z(y) = -38*y. Let v be z(-1). Let q(t) = -t**3 - 3*t**2 - t - 2. Let a be q(-3). Let m = a + v. Calculate the highest common divisor of m and 13.
13
Suppose 4*c + 5*x - 80 = 345, c = -2*x + 104. What is the highest common factor of 44 and c?
22
Let u = 1 + -4. Let o(k) be the second derivative of 5*k**4/12 - k**3/6 + k**2 + k. Let c be o(u). Calculate the highest common divisor of c and 20.
10
Let v(u) = 5*u**2 - 6*u - 7. Let k be v(-5). Let n = -76 + k. Calculate the highest common divisor of n and 8.
8
Suppose -2*z = z - s - 209, -2*s = -5*z + 348. What is the highest common divisor of 28 and z?
14
Suppose -7*o + 105 = -2*o. Suppose -3*w - w - 5 = -3*x, -5*x = 3*w - 18. What is the greatest common divisor of o and x?
3
Let m = 10 + -6. Suppose -c = b - 13, -4 = -3*c - m*b + 39. Let d(g) = g**3 - 6*g**2 + 3. Let i be d(6). Calculate the greatest common factor of c and i.
3
Let y(t) = t + 13. Let h be y(9). Calculate the highest common factor of 2 and h.
2
Suppose 2*g = -2*r + 2, 0 = -2*g + 5*r + 13 - 4. Let y be (-5776)/(-72) + g/(-9). What is the highest common factor of y and 20?
20
Suppose -4*a - 2*p + 306 = 0, 0 = -0*a - 3*a + 3*p + 234. Let v be (-3)/1*(-11)/3. Calculate the highest common divisor of a and v.
11
Let n = -67 + 126. Suppose -210 = -5*w + j, -3*w - 4*j + n = -67. What is the highest common divisor of w and 28?
14
Let w(c) = c**3 + 4*c**2 - 2*c - 6. Let d be w(-4). Suppose -3*z + 8*z = 50. Calculate th